vided by 117?
114
Calculate the remainder when 4382 is divided by 12.
2
Calculate the remainder when 763 is divided by 16.
11
What is the remainder when 1594 is divided by 148?
114
What is the remainder when 149 is divided by 30?
29
What is the remainder when 2411 is divided by 21?
17
What is the remainder when 817 is divided by 91?
89
Calculate the remainder when 719 is divided by 151.
115
What is the remainder when 39 is divided by 20?
19
What is the remainder when 755 is divided by 56?
27
Calculate the remainder when 86 is divided by 38.
10
What is the remainder when 31 is divided by 19?
12
Calculate the remainder when 2944 is divided by 1470.
4
What is the remainder when 355 is divided by 72?
67
Calculate the remainder when 206 is divided by 90.
26
What is the remainder when 296 is divided by 44?
32
Calculate the remainder when 463 is divided by 97.
75
What is the remainder when 3054 is divided by 133?
128
Calculate the remainder when 815 is divided by 160.
15
Calculate the remainder when 2148 is divided by 20.
8
Calculate the remainder when 1509 is divided by 36.
33
Calculate the remainder when 228 is divided by 77.
74
What is the remainder when 663 is divided by 103?
45
What is the remainder when 97 is divided by 11?
9
Calculate the remainder when 626 is divided by 126.
122
What is the remainder when 841 is divided by 65?
61
What is the remainder when 294 is divided by 11?
8
Calculate the remainder when 905 is divided by 90.
5
What is the remainder when 23 is divided by 6?
5
What is the remainder when 19 is divided by 11?
8
Calculate the remainder when 45 is divided by 8.
5
What is the remainder when 1806 is divided by 36?
6
What is the remainder when 489 is divided by 99?
93
Calculate the remainder when 1158 is divided by 14.
10
What is the remainder when 221 is divided by 80?
61
What is the remainder when 59 is divided by 35?
24
What is the remainder when 53 is divided by 15?
8
Calculate the remainder when 370 is divided by 42.
34
Calculate the remainder when 92 is divided by 16.
12
What is the remainder when 285 is divided by 49?
40
Calculate the remainder when 842 is divided by 145.
117
Calculate the remainder when 1149 is divided by 36.
33
What is the remainder when 4308 is divided by 2149?
10
Calculate the remainder when 129 is divided by 104.
25
Calculate the remainder when 183 is divided by 23.
22
What is the remainder when 1239 is divided by 6?
3
What is the remainder when 930 is divided by 187?
182
Calculate the remainder when 54 is divided by 22.
10
What is the remainder when 465 is divided by 91?
10
What is the remainder when 727 is divided by 13?
12
Calculate the remainder when 2162 is divided by 103.
102
Calculate the remainder when 139 is divided by 30.
19
Calculate the remainder when 364 is divided by 16.
12
What is the remainder when 701 is divided by 64?
61
Calculate the remainder when 226 is divided by 53.
14
Calculate the remainder when 352 is divided by 59.
57
Calculate the remainder when 5643 is divided by 1880.
3
Calculate the remainder when 169 is divided by 57.
55
Calculate the remainder when 137 is divided by 48.
41
Calculate the remainder when 395 is divided by 19.
15
Calculate the remainder when 109 is divided by 108.
1
Calculate the remainder when 26332 is divided by 22.
20
Calculate the remainder when 249 is divided by 86.
77
What is the remainder when 23 is divided by 10?
3
What is the remainder when 1326 is divided by 37?
31
Calculate the remainder when 3439 is divided by 69.
58
What is the remainder when 10279 is divided by 73?
59
What is the remainder when 166 is divided by 24?
22
Calculate the remainder when 404 is divided by 210.
194
What is the remainder when 227 is divided by 60?
47
Calculate the remainder when 525 is divided by 173.
6
What is the remainder when 638 is divided by 217?
204
Calculate the remainder when 16374 is divided by 11.
6
Calculate the remainder when 435 is divided by 40.
35
What is the remainder when 90 is divided by 32?
26
What is the remainder when 448 is divided by 90?
88
What is the remainder when 232 is divided by 179?
53
Calculate the remainder when 794 is divided by 249.
47
What is the remainder when 1816 is divided by 18?
16
What is the remainder when 1406 is divided by 89?
71
What is the remainder when 42 is divided by 15?
12
What is the remainder when 273 is divided by 14?
7
What is the remainder when 338 is divided by 31?
28
What is the remainder when 3133 is divided by 95?
93
What is the remainder when 74 is divided by 14?
4
What is the remainder when 353 is divided by 31?
12
Calculate the remainder when 2392 is divided by 791.
19
What is the remainder when 137 is divided by 120?
17
What is the remainder when 185 is divided by 17?
15
What is the remainder when 120 is divided by 14?
8
What is the remainder when 188 is divided by 14?
6
What is the remainder when 11417 is divided by 22?
21
What is the remainder when 132 is divided by 35?
27
Calculate the remainder when 197 is divided by 33.
32
What is the remainder when 74 is divided by 25?
24
What is the remainder when 35 is divided by 10?
5
Calculate the remainder when 99 is divided by 18.
9
Calculate the remainder when 2640 is divided by 176.
0
Calculate the remainder when 2924 is divided by 65.
64
Calculate the remainder when 232 is divided by 79.
74
Calculate the remainder when 557 is divided by 23.
5
What is the remainder when 1550 is divided by 59?
16
What is the remainder when 880 is divided by 18?
16
Calculate the remainder when 23 is divided by 13.
10
What is the remainder when 1712 is divided by 82?
72
What is the remainder when 141 is divided by 23?
3
What is the remainder when 9185 is divided by 317?
309
What is the remainder when 68 is divided by 18?
14
Calculate the remainder when 155 is divided by 47.
14
What is the remainder when 125 is divided by 26?
21
What is the remainder when 193 is divided by 14?
11
Calculate the remainder when 1014 is divided by 79.
66
Calculate the remainder when 789 is divided by 11.
8
Calculate the remainder when 116 is divided by 78.
38
Calculate the remainder when 116 is divided by 39.
38
Calculate the remainder when 2224 is divided by 89.
88
Calculate the remainder when 514 is divided by 44.
30
Calculate the remainder when 561 is divided by 47.
44
What is the remainder when 319 is divided by 103?
10
What is the remainder when 86 is divided by 19?
10
Calculate the remainder when 134 is divided by 27.
26
What is the remainder when 101 is divided by 20?
1
Calculate the remainder when 622 is divided by 217.
188
What is the remainder when 1347 is divided by 75?
72
Calculate the remainder when 142 is divided by 70.
2
What is the remainder when 124 is divided by 18?
16
Calculate the remainder when 2639 is divided by 20.
19
What is the remainder when 597 is divided by 286?
25
Calculate the remainder when 150 is divided by 19.
17
What is the remainder when 234 is divided by 20?
14
Calculate the remainder when 194 is divided by 168.
26
What is the remainder when 670 is divided by 11?
10
Calculate the remainder when 3170 is divided by 1054.
8
What is the remainder when 806 is divided by 247?
65
What is the remainder when 14 is divided by 4?
2
Calculate the remainder when 2857 is divided by 110.
107
Calculate the remainder when 7 is divided by 7.
0
Calculate the remainder when 208 is divided by 78.
52
What is the remainder when 887 is divided by 327?
233
Calculate the remainder when 1957 is divided by 151.
145
What is the remainder when 206 is divided by 73?
60
Calculate the remainder when 571 is divided by 281.
9
Calculate the remainder when 2296 is divided by 131.
69
What is the remainder when 1521 is divided by 751?
19
Calculate the remainder when 1501 is divided by 16.
13
What is the remainder when 453 is divided by 24?
21
What is the remainder when 152 is divided by 36?
8
What is the remainder when 20479 is divided by 38?
35
Calculate the remainder when 93 is divided by 5.
3
Calculate the remainder when 154 is divided by 13.
11
What is the remainder when 1073 is divided by 179?
178
Calculate the remainder when 583 is divided by 576.
7
Calculate the remainder when 279 is divided by 58.
47
Calculate the remainder when 12335 is divided by 62.
59
What is the remainder when 716 is